2. Let o = b - 34. Suppose 3*j = 4*k - 38 - 135, -3*k - 4*j + 136 = o. What is the units digit of k?
4
Suppose -3*f + 15 = -0*f. Let o be f + -3 - (-3 - 13). Suppose o = b + 5*p, 125 = 4*b - 5*p - 22. What is the tens digit of b?
3
Let d(s) = -81*s**3 - 4*s**2 + 2*s + 4. What is the units digit of d(-3)?
9
Let x(p) = 2*p + 52. Let t = 32 + -32. What is the units digit of x(t)?
2
Let g(n) = 44*n**2 + 21*n + 69. What is the units digit of g(-3)?
2
Let m = 198 + -328. Let f = m - -249. What is the tens digit of f?
1
Suppose z = -3*z - 3*k + 665, 4*k = -5*z + 832. What is the hundreds digit of z?
1
Let j be (-5)/10 + -2 + (-1022)/(-4). Let o = j - 136. What is the hundreds digit of o?
1
Let v(f) = -f + 30. Let l be v(10). What is the units digit of (-204)/(-20) + (-4)/l?
0
Let u(q) be the second derivative of 0 + 2*q**2 - 4*q - 1/3*q**3 - 5/12*q**4 - 1/10*q**5. What is the tens digit of u(-3)?
1
Let x be ((-22)/(-5))/((-4)/(-20)). Let j = 132 - x. What is the tens digit of j?
1
Let m be 1/(-4) - 98/(-8). Let a = m + 3. Suppose -12*p + a = -11*p. What is the tens digit of p?
1
Let s = -35 - -39. Suppose -s*v = v - 185. What is the units digit of v?
7
Let t be ((-24)/(-15) + -2)*-1195. Suppose -a - 2*p + t - 172 = 0, -5*a = p - 1530. What is the units digit of a?
6
Let m(h) = -39*h - 4. Let g be m(-2). Let v(f) = 2*f**2 + 4*f + 12. Let t be v(-9). Suppose 0 = -4*k + g + t. What is the units digit of k?
3
What is the units digit of (-10)/10 + 3951*16/12?
7
Suppose 0 = -5*a + 25, 3*v = -2*a + 195 + 70. What is the units digit of v?
5
Let f = -63 - -129. Suppose -2*h + 132 = -6*h - 4*a, -3*a + 123 = -3*h. Let n = f + h. What is the tens digit of n?
2
Let z(b) = -b**3 + 4*b**2 + 4*b + 7. Let c be z(5). Suppose -4*o = c*h + 5 - 153, 5*o = 2*h - 193. What is the units digit of h?
4
Let j = -46 + 32. What is the units digit of 4/j + 2948/77?
8
Let t = -35 + 59. Suppose 0*l + l = -15. Let v = t + l. What is the units digit of v?
9
What is the hundreds digit of 0 + (251 + -1 - -4)?
2
Let o = 11 + 0. What is the tens digit of ((-11)/(-4))/(o/176)?
4
Let r be 10 + 563 - (-2)/(6/(-9)). Suppose -294 = -2*w - u - 63, u = -5*w + r. What is the tens digit of w?
1
Let z be 27/9 - (-8)/2. Suppose z*m = m + 1392. What is the units digit of m?
2
Let h be 2/(-10)*0 - 0/1. Let j(i) = -2*i**2 + 2*i + 106. What is the hundreds digit of j(h)?
1
Suppose -4*j + 15 = -1. Suppose -2*p + j*p + 6 = 0, 156 = 5*z + 3*p. What is the units digit of z?
3
Let l(m) = -45*m + 3. Let q(x) = x**2 - 6*x + 6. Let b be q(4). What is the tens digit of l(b)?
9
Suppose 3 = 3*x - 12. Let g(t) = 6*t**2 + 8*t - 18. What is the units digit of g(x)?
2
Suppose p - 82 = -4*s, -5*p + 3*s + 343 = -136. Let l = p + -40. What is the units digit of l?
4
Suppose 5*c = 6*c + 40. Let w be c + 3/(-6)*-4. What is the units digit of w/(-8)*(-1 - -5)?
9
Let f(w) = -14*w**2 + 6*w + 2. Let k be f(-6). Let u(m) = 2*m**2 - 12*m - 12. Let z be u(6). What is the units digit of z/(-21) + k/(-14)?
9
Let g = -509 - -953. What is the units digit of g?
4
What is the hundreds digit of (4/6)/(2/15) + 464?
4
Let z(j) be the first derivative of j**4/4 - 2*j**3/3 + j**2/2 - j + 2. Let n be z(2). What is the units digit of n - 1 - (-63)/3?
1
Let v(j) = -17*j + 2*j - 8*j + 1. What is the units digit of v(-5)?
6
Let j(k) = k**2 + 10*k + 13. Let a be j(-9). Suppose 11 = 3*w - a. Suppose -h - 3*h = -2*f + 76, -w*h + 67 = 2*f. What is the tens digit of f?
3
Suppose -4*s + u = -3466, -420 = -s - u + 449. What is the tens digit of s?
6
Suppose -41*z + 24512 = -3778. What is the tens digit of z?
9
Let m(a) = a**2 + 3*a + 25. Suppose -1 = -2*o + 31. What is the tens digit of m(o)?
2
Let l(w) = w**2 - 7*w - 4. Let g be l(10). Suppose 6*y - 428 = -g. What is the tens digit of y?
6
Let q(f) = f**3 - 8*f**2 + 6*f + 9. Let u be q(7). Suppose -u*m = -100 - 60. Suppose m + 10 = 5*g. What is the units digit of g?
8
Suppose 4*r - 47*r + 39259 = 0. What is the hundreds digit of r?
9
Let x be (4/16)/((28/2608)/7). Let m = 280 - x. What is the hundreds digit of m?
1
Let s = 63 - -103. What is the hundreds digit of s?
1
Let c(g) = -g**3 + 6*g**2 + 8*g + 1. Let r be c(7). Suppose -6*s - 40 = r. Let t = 16 + s. What is the units digit of t?
8
Let s = -901 + 1885. Suppose 0 = 8*d - 4*d - s. What is the tens digit of d?
4
Let r = 18 - 15. Suppose -4*m + 3 - 11 = -4*j, -r*j + 2*m = -9. Suppose 0 = -j*x - 20, -3*x = l + 6 - 4. What is the tens digit of l?
1
Let d(f) be the second derivative of -f**5/20 + 7*f**4/12 - f**3/3 - 3*f**2 + 4*f. Let n be d(7). What is the units digit of 306/10 - 8/n?
1
Let x(z) = z + 24. Let a be x(6). Let y = -5 + a. What is the units digit of y?
5
Let x(g) = 2*g**2 + g - 2. Let k = -12 - -14. Suppose -4 = 4*u - 4*n, -4*u - 32 = k*n - 10. What is the units digit of x(u)?
6
Let l be (0/(-1))/1*(-3)/6. Suppose -294 = -2*w - l*z + 2*z, -2*w + 3*z = -294. What is the units digit of w?
7
Let o = 568 + -418. What is the hundreds digit of o?
1
What is the tens digit of 14/(-4)*(-2 - -2276)/(-3)?
5
Let i be -3 + 4 + (1 - 0). Let v(w) = -11*w**2 - 2*w + 3. Let d be v(i). Let t = -7 - d. What is the units digit of t?
8
Suppose 2*g - 18 = 5*g. What is the tens digit of ((-6264)/21)/g - (-2)/7?
5
Let o be ((-4)/8)/1*4. Let r(z) = z**2 + z. Let x be r(o). Suppose -3*l = -x*l + 3*h - 4, 34 = l - 3*h. What is the units digit of l?
9
Let h be (-69)/(-9) + (-1)/(-3). Let n(r) = -r + 8. Let a be n(h). Suppose 4*j = -a*j + 8. What is the units digit of j?
2
Let z(l) = -4*l + l**3 + 1 + 4*l + 0*l - l**2. Let o be z(-1). What is the tens digit of (o - (-124)/(-12))*-3?
3
What is the units digit of (6 + -3 - (3 - 220)) + 1?
1
Suppose -u = -0*u - 4. Let w be (-8)/u + 4 - -1. Suppose -2*k = 3*k - 4*v - 46, -w*v = -5*k + 47. What is the tens digit of k?
1
Let a = 179 - -109. Suppose 3*o - a - 66 = 0. What is the tens digit of o?
1
Let r(h) = 6*h - 31. Let t be r(6). What is the tens digit of (-2661)/(-24) + t - (-2)/16?
1
Let z(r) = 54*r**3 - 4*r**2 + 2*r. What is the tens digit of z(2)?
2
Let s = -71 - -56. Let a = s + 59. What is the tens digit of a?
4
Let j be (-4)/(-12) + (-52)/12. Let u be 1/(-8)*j*12. Suppose 0 = -0*p + u*p - 6. What is the units digit of p?
1
Let b(y) = y**3 + 22*y**2 + 16*y + 23. What is the units digit of b(-16)?
3
Let r(m) = 20*m**2 + 20*m - 201. What is the tens digit of r(12)?
1
Suppose 0 = t - 2*t + 563. Suppose 407 = -5*u - t. What is the units digit of u/(-8) - 13/52?
4
Let a = 48 - 54. What is the hundreds digit of a - -2 - (-149 - -7)?
1
Suppose 187 = -b - 0*t + t, 2*b + t = -377. Let d = -116 - b. What is the tens digit of d?
7
Suppose -40*a + 59140 = -20*a. What is the tens digit of a?
5
Let b(d) = 11*d - 10. Let y(z) be the third derivative of -7*z**4/24 + 7*z**3/6 + 5*z**2. Let h(o) = -5*b(o) - 7*y(o). What is the tens digit of h(-2)?
1
Let p(r) = r**2 - 56*r - 32. What is the units digit of p(-15)?
3
Let y(c) = -4*c + 14. Let i be y(-9). Suppose 57*m = i*m + 910. What is the units digit of m?
0
Let m(t) = 13*t**2 + 26*t - 22. What is the tens digit of m(-6)?
9
Let c = -50 + 48. What is the hundreds digit of (3/6)/(1371/684 + c)?
1
Let l(p) = p + 9. Let t be l(-5). Let b = -3 - -3. Suppose -2*y + 126 + 47 = 5*v, b = -t*v + 4*y + 144. What is the units digit of v?
5
Let n(a) be the third derivative of -a**6/120 - a**5/6 - 13*a**4/24 - 23*a**3/6 - 22*a**2. What is the tens digit of n(-11)?
4
Let p be 3 + (0 + -1)*-1. Let i = 465 - 461. Suppose 0 = p*x - i*l - 32, -3*x + l - 1 = 3*l. What is the units digit of x?
3
Let h = 526 - 590. Let z(j) = -111*j - 1. Let s be z(-1). Let d = s + h. What is the tens digit of d?
4
Let d(m) = -m - 5. Suppose 2*i + 4*w + 16 = 0, -40 = 4*i + 2*w + 4. What is the units digit of d(i)?
7
Suppose -3*j = -3, 2*z - 340 = 5*z + 5*j. Let x = z - -182. Let h = -42 + x. What is the units digit of h?
5
Suppose -y + 2*n + 3523 = 0, -10389 = -4*y - 3*n + 3725. What is the units digit of y?
7
Suppose -16 = 4*t, -4*w - 28*t + 3312 = -27*t. What is the tens digit of w?
2
Let q(t) = -4*t + 11. Suppose -6*y = -28 + 88. What is the tens digit of q(y)?
5
Let i = -71 + 550. What is the units digit of i?
9
Let d(s) = -s**3 + 11*s**2 + 5*s - 4. Let w be d(10). Let m = w - 76. What is the units digit of m?